{"id":30,"date":"2025-07-28T15:30:05","date_gmt":"2025-07-28T15:30:05","guid":{"rendered":"https:\/\/lied.ipt.pt\/?page_id=30"},"modified":"2025-11-10T20:41:57","modified_gmt":"2025-11-10T20:41:57","slug":"inicio","status":"publish","type":"page","link":"https:\/\/lied.ipt.pt\/index.php\/pt\/inicio\/","title":{"rendered":"In\u00edcio"},"content":{"rendered":"\n<div class=\"wp-block-cover alignfull is-light hestia-clear-top-padding\"><span aria-hidden=\"true\" class=\"wp-block-cover__background has-white-background-color has-background-dim-100 has-background-dim\"><\/span><div class=\"wp-block-cover__inner-container is-layout-flow wp-block-cover-is-layout-flow\">\n<h2 class=\"wp-block-heading has-text-align-center has-text-color\" style=\"color:#3c4858\">A nossa miss\u00e3o<\/h2>\n\n\n\n<div style=\"height:40px\" aria-hidden=\"true\" class=\"wp-block-spacer\"><\/div>\n\n\n\n<div class=\"wp-block-columns container is-layout-flex wp-container-core-columns-is-layout-28f84493 wp-block-columns-is-layout-flex\">\n<div class=\"wp-block-column is-layout-flow wp-block-column-is-layout-flow\"><div class=\"wp-block-image is-style-rounded\">\n<figure class=\"aligncenter size-large is-resized\"><img loading=\"lazy\" decoding=\"async\" width=\"1024\" height=\"1024\" src=\"https:\/\/lied.ipt.pt\/wp-content\/uploads\/2025\/07\/qualidade-1024x1024.png\" alt=\"\" class=\"wp-image-489\" style=\"width:190px;height:auto\" srcset=\"https:\/\/lied.ipt.pt\/wp-content\/uploads\/2025\/07\/qualidade-1024x1024.png 1024w, https:\/\/lied.ipt.pt\/wp-content\/uploads\/2025\/07\/qualidade-300x300.png 300w, https:\/\/lied.ipt.pt\/wp-content\/uploads\/2025\/07\/qualidade-150x150.png 150w, https:\/\/lied.ipt.pt\/wp-content\/uploads\/2025\/07\/qualidade-768x768.png 768w, https:\/\/lied.ipt.pt\/wp-content\/uploads\/2025\/07\/qualidade-1536x1536.png 1536w, https:\/\/lied.ipt.pt\/wp-content\/uploads\/2025\/07\/qualidade-2048x2048.png 2048w\" sizes=\"auto, (max-width: 1024px) 100vw, 1024px\" \/><\/figure>\n<\/div>\n\n\n<h5 class=\"wp-block-heading has-text-align-center has-text-color\" style=\"color:#3c4858;font-size:18px\">Qualidade<\/h5>\n\n\n\n<p class=\"has-text-align-center has-text-color\" style=\"color:#999999;font-size:14px\">No LIED.IPT, a qualidade \u00e9 o alicerce de todas as nossas pr\u00e1ticas. Comprometemo-nos com a excel\u00eancia pedag\u00f3gica, a melhoria cont\u00ednua dos processos e a cria\u00e7\u00e3o de experi\u00eancias de aprendizagem significativas e acess\u00edveis.&nbsp;<\/p>\n\n\n\n<div style=\"height:25px\" aria-hidden=\"true\" class=\"wp-block-spacer\"><\/div>\n<\/div>\n\n\n\n<div class=\"wp-block-column is-layout-flow wp-block-column-is-layout-flow\"><div class=\"wp-block-image is-style-rounded\">\n<figure class=\"aligncenter size-large is-resized\"><img loading=\"lazy\" decoding=\"async\" width=\"1024\" height=\"1024\" src=\"https:\/\/lied.ipt.pt\/wp-content\/uploads\/2025\/07\/inovacao-1024x1024.png\" alt=\"\" class=\"wp-image-490\" style=\"width:190px\" srcset=\"https:\/\/lied.ipt.pt\/wp-content\/uploads\/2025\/07\/inovacao-1024x1024.png 1024w, https:\/\/lied.ipt.pt\/wp-content\/uploads\/2025\/07\/inovacao-300x300.png 300w, https:\/\/lied.ipt.pt\/wp-content\/uploads\/2025\/07\/inovacao-150x150.png 150w, https:\/\/lied.ipt.pt\/wp-content\/uploads\/2025\/07\/inovacao-768x768.png 768w, https:\/\/lied.ipt.pt\/wp-content\/uploads\/2025\/07\/inovacao-1536x1536.png 1536w, https:\/\/lied.ipt.pt\/wp-content\/uploads\/2025\/07\/inovacao-2048x2048.png 2048w\" sizes=\"auto, (max-width: 1024px) 100vw, 1024px\" \/><\/figure>\n<\/div>\n\n\n<h5 class=\"wp-block-heading has-text-align-center has-text-color\" style=\"color:#3c4858;font-size:18px\">Inova\u00e7\u00e3o<\/h5>\n\n\n\n<p class=\"has-text-align-center has-text-color\" style=\"color:#999999;font-size:14px\">No LIED.IPT, acreditamos que inovar \u00e9 transformar. Exploramos continuamente novas metodologias, tecnologias e formatos de ensino que potenciem a aprendizagem online.<\/p>\n\n\n\n<div style=\"height:25px\" aria-hidden=\"true\" class=\"wp-block-spacer\"><\/div>\n<\/div>\n\n\n\n<div class=\"wp-block-column is-layout-flow wp-block-column-is-layout-flow\"><div class=\"wp-block-image is-style-rounded\">\n<figure class=\"aligncenter size-large is-resized\"><img loading=\"lazy\" decoding=\"async\" width=\"1024\" height=\"1024\" src=\"https:\/\/lied.ipt.pt\/wp-content\/uploads\/2025\/07\/investigacao-1024x1024.png\" alt=\"\" class=\"wp-image-491\" style=\"width:190px\" srcset=\"https:\/\/lied.ipt.pt\/wp-content\/uploads\/2025\/07\/investigacao-1024x1024.png 1024w, https:\/\/lied.ipt.pt\/wp-content\/uploads\/2025\/07\/investigacao-300x300.png 300w, https:\/\/lied.ipt.pt\/wp-content\/uploads\/2025\/07\/investigacao-150x150.png 150w, https:\/\/lied.ipt.pt\/wp-content\/uploads\/2025\/07\/investigacao-768x768.png 768w, https:\/\/lied.ipt.pt\/wp-content\/uploads\/2025\/07\/investigacao-1536x1536.png 1536w, https:\/\/lied.ipt.pt\/wp-content\/uploads\/2025\/07\/investigacao-2048x2048.png 2048w\" sizes=\"auto, (max-width: 1024px) 100vw, 1024px\" \/><\/figure>\n<\/div>\n\n\n<h5 class=\"wp-block-heading has-text-align-center has-text-color\" style=\"color:#3c4858;font-size:18px\">Investiga\u00e7\u00e3o<\/h5>\n\n\n\n<p class=\"has-text-align-center has-text-color\" style=\"color:#999999;font-size:14px\">No LIED.IPT,&nbsp;promovemos a produ\u00e7\u00e3o e a dissemina\u00e7\u00e3o de conhecimento cient\u00edfico sobre educa\u00e7\u00e3o a dist\u00e2ncia, apoiando projetos que aprofundam a compreens\u00e3o dos processos de ensino e aprendizagem online.<\/p>\n\n\n\n<div style=\"height:25px\" aria-hidden=\"true\" class=\"wp-block-spacer\"><\/div>\n<\/div>\n<\/div>\n\n\n\n<div style=\"height:40px\" aria-hidden=\"true\" class=\"wp-block-spacer\"><\/div>\n<\/div><\/div>\n\n\n\n<div class=\"wp-block-columns container is-layout-flex wp-container-core-columns-is-layout-28f84493 wp-block-columns-is-layout-flex\">\n<div class=\"wp-block-column col-md-5 is-layout-flow wp-block-column-is-layout-flow\">\n<div style=\"height:55px\" aria-hidden=\"true\" class=\"wp-block-spacer\"><\/div>\n\n\n\n<h2 class=\"wp-block-heading\">O LIED.IPT<\/h2>\n\n\n\n<p>O&nbsp;<strong>LIED \u2013 Laborat\u00f3rio de Inova\u00e7\u00e3o Pedag\u00f3gica e Educa\u00e7\u00e3o a Dist\u00e2ncia<\/strong>&nbsp;\u00e9 uma unidade de investiga\u00e7\u00e3o aplicada do Instituto Polit\u00e9cnico de Tomar, dedicada \u00e0 promo\u00e7\u00e3o da inova\u00e7\u00e3o no ensino e aprendizagem, especializado na educa\u00e7\u00e3o a dist\u00e2ncia e na integra\u00e7\u00e3o de tecnologias digitais.<\/p>\n\n\n\n<p>O LIED foi criado em 2019 com a miss\u00e3o de apoiar os docentes na transforma\u00e7\u00e3o digital, atrav\u00e9s do desenvolvimento de projetos, recursos e pr\u00e1ticas pedag\u00f3gicas inovadoras que respondam aos desafios emergentes da educa\u00e7\u00e3o.<\/p>\n\n\n\n<p>Enquanto estrutura estrat\u00e9gica, o LIED promove a inova\u00e7\u00e3o pedag\u00f3gica e contribui para o desenvolvimento de uma oferta formativa din\u00e2mica e ajustada \u00e0s exig\u00eancias de uma sociedade em constante evolu\u00e7\u00e3o.<\/p>\n<\/div>\n\n\n\n<div class=\"wp-block-column col-md-6 col-md-offset1 is-layout-flow wp-block-column-is-layout-flow\">\n<div style=\"height:55px\" aria-hidden=\"true\" class=\"wp-block-spacer\"><\/div>\n\n\n\n<figure class=\"wp-block-image size-large\"><img loading=\"lazy\" decoding=\"async\" width=\"1024\" height=\"682\" src=\"https:\/\/lied.ipt.pt\/wp-content\/uploads\/2025\/07\/notebook-2386034_1280-1024x682.jpg\" alt=\"\" class=\"wp-image-145\" srcset=\"https:\/\/lied.ipt.pt\/wp-content\/uploads\/2025\/07\/notebook-2386034_1280-1024x682.jpg 1024w, https:\/\/lied.ipt.pt\/wp-content\/uploads\/2025\/07\/notebook-2386034_1280-300x200.jpg 300w, https:\/\/lied.ipt.pt\/wp-content\/uploads\/2025\/07\/notebook-2386034_1280-768x512.jpg 768w, https:\/\/lied.ipt.pt\/wp-content\/uploads\/2025\/07\/notebook-2386034_1280-360x240.jpg 360w, https:\/\/lied.ipt.pt\/wp-content\/uploads\/2025\/07\/notebook-2386034_1280.jpg 1280w\" sizes=\"auto, (max-width: 1024px) 100vw, 1024px\" \/><\/figure>\n\n\n\n<p><\/p>\n<\/div>\n<\/div>\n","protected":false},"excerpt":{"rendered":"<p>O LIED.IPT O&nbsp;LIED \u2013 Laborat\u00f3rio de Inova\u00e7\u00e3o Pedag\u00f3gica e Educa\u00e7\u00e3o a Dist\u00e2ncia&nbsp;\u00e9 uma unidade de investiga\u00e7\u00e3o aplicada do Instituto Polit\u00e9cnico de Tomar, dedicada \u00e0 promo\u00e7\u00e3o da inova\u00e7\u00e3o no ensino e aprendizagem, especializado na educa\u00e7\u00e3o a dist\u00e2ncia e na integra\u00e7\u00e3o de tecnologias digitais. O LIED foi criado em 2019 com a [&hellip;]<\/p>\n","protected":false},"author":2,"featured_media":134,"parent":0,"menu_order":0,"comment_status":"closed","ping_status":"closed","template":"","meta":{"footnotes":""},"class_list":["post-30","page","type-page","status-publish","has-post-thumbnail","hentry"],"_links":{"self":[{"href":"https:\/\/lied.ipt.pt\/index.php\/wp-json\/wp\/v2\/pages\/30","targetHints":{"allow":["GET"]}}],"collection":[{"href":"https:\/\/lied.ipt.pt\/index.php\/wp-json\/wp\/v2\/pages"}],"about":[{"href":"https:\/\/lied.ipt.pt\/index.php\/wp-json\/wp\/v2\/types\/page"}],"author":[{"embeddable":true,"href":"https:\/\/lied.ipt.pt\/index.php\/wp-json\/wp\/v2\/users\/2"}],"replies":[{"embeddable":true,"href":"https:\/\/lied.ipt.pt\/index.php\/wp-json\/wp\/v2\/comments?post=30"}],"version-history":[{"count":11,"href":"https:\/\/lied.ipt.pt\/index.php\/wp-json\/wp\/v2\/pages\/30\/revisions"}],"predecessor-version":[{"id":561,"href":"https:\/\/lied.ipt.pt\/index.php\/wp-json\/wp\/v2\/pages\/30\/revisions\/561"}],"wp:featuredmedia":[{"embeddable":true,"href":"https:\/\/lied.ipt.pt\/index.php\/wp-json\/wp\/v2\/media\/134"}],"wp:attachment":[{"href":"https:\/\/lied.ipt.pt\/index.php\/wp-json\/wp\/v2\/media?parent=30"}],"curies":[{"name":"wp","href":"https:\/\/api.w.org\/{rel}","templated":true}]}}