{"id":59,"date":"2025-07-28T15:52:49","date_gmt":"2025-07-28T15:52:49","guid":{"rendered":"https:\/\/lied.ipt.pt\/?page_id=59"},"modified":"2025-10-16T16:07:27","modified_gmt":"2025-10-16T16:07:27","slug":"mooc","status":"publish","type":"page","link":"https:\/\/lied.ipt.pt\/index.php\/pt\/mooc\/","title":{"rendered":"MOOC"},"content":{"rendered":"\n<p>Os MOOC (<em>Massive Open Online Courses<\/em>) s\u00e3o cursos a dist\u00e2ncia que oferecem acesso livre e gratuito a conte\u00fados educativos e formativos, para um grande n\u00famero de participantes. Os MOOC constituem uma forma acess\u00edvel e flex\u00edvel de aprender novas compet\u00eancias, progredir na carreira e proporcionar experi\u00eancias educativas de qualidade em grande escala. Disponibilizam conte\u00fados em formato digital, muitas vezes interativos, num regime de total flexibilidade de tempo e ritmo do aluno. <\/p>\n\n\n\n<p>Estes cursos promovem a democratiza\u00e7\u00e3o do conhecimento e a flexibilidade na aprendizagem, sendo uma das apostas do LIED.IPT na \u00e1rea da educa\u00e7\u00e3o a dist\u00e2ncia.<\/p>\n\n\n\n<figure class=\"wp-block-image size-large\"><img loading=\"lazy\" decoding=\"async\" width=\"1024\" height=\"683\" src=\"https:\/\/lied.ipt.pt\/wp-content\/uploads\/2025\/07\/pexels-julia-m-cameron-4144222-1-1024x683.jpg\" alt=\"\" class=\"wp-image-264\" srcset=\"https:\/\/lied.ipt.pt\/wp-content\/uploads\/2025\/07\/pexels-julia-m-cameron-4144222-1-1024x683.jpg 1024w, https:\/\/lied.ipt.pt\/wp-content\/uploads\/2025\/07\/pexels-julia-m-cameron-4144222-1-300x200.jpg 300w, https:\/\/lied.ipt.pt\/wp-content\/uploads\/2025\/07\/pexels-julia-m-cameron-4144222-1-768x513.jpg 768w, https:\/\/lied.ipt.pt\/wp-content\/uploads\/2025\/07\/pexels-julia-m-cameron-4144222-1-1536x1025.jpg 1536w, https:\/\/lied.ipt.pt\/wp-content\/uploads\/2025\/07\/pexels-julia-m-cameron-4144222-1-2048x1367.jpg 2048w, https:\/\/lied.ipt.pt\/wp-content\/uploads\/2025\/07\/pexels-julia-m-cameron-4144222-1-360x240.jpg 360w\" sizes=\"auto, (max-width: 1024px) 100vw, 1024px\" \/><\/figure>\n\n\n\n<div style=\"height:60px\" aria-hidden=\"true\" class=\"wp-block-spacer\"><\/div>\n\n\n\n<p>Consulte a <a href=\"https:\/\/lied.ipt.pt\/wp-content\/uploads\/2025\/08\/MOOC-brochura_web.pdf\">brochura dos MOOC<\/a>.<\/p>\n\n\n\n<div style=\"height:60px\" aria-hidden=\"true\" class=\"wp-block-spacer\"><\/div>\n\n\n\n<h5 class=\"wp-block-heading\">Informa\u00e7\u00e3o para os docentes<\/h5>\n\n\n\n<p>O LIED disponibiliza apoio \u00e0 cria\u00e7\u00e3o de MOOC por docentes do IPT. Para submeter uma proposta, consulte os seguintes documentos:<\/p>\n\n\n\n<ol class=\"wp-block-list\">\n<li>Regulamento para cria\u00e7\u00e3o de MOOC (brevemente dispon\u00edvel)<\/li>\n\n\n\n<li><a href=\"https:\/\/politecnicotomar.sharepoint.com\/teams\/Comunidade_IPT\/Biblioteca DocSIGQ\/Forms\/AllItems.aspx?id=%2Fteams%2FComunidade%5FIPT%2FBiblioteca%20DocSIGQ%2FProposta%20de%20Oferta%20Formativa%2Epdf&amp;parent=%2Fteams%2FComunidade%5FIPT%2FBiblioteca%20DocSIGQ\">Formul\u00e1rio de proposta para cria\u00e7\u00e3o de MOOC<\/a> \n<ul class=\"wp-block-list\">\n<li><strong>Nota: <\/strong>No formul\u00e1rio de oferta formativa, na se\u00e7\u00e3o &#8220;Observa\u00e7\u00f5es&#8221; deve indicar: 1) a plataforma onde o MOOC ser\u00e1 alojado (Plataforma Moodle IPT ou Plataforma NAU); 2) a dura\u00e7\u00e3o estimada (n\u00famero de horas); 3) a data expect\u00e1vel de in\u00edcio.<\/li>\n<\/ul>\n<\/li>\n<\/ol>\n\n\n\n<div style=\"height:60px\" aria-hidden=\"true\" class=\"wp-block-spacer\"><\/div>\n\n\n\n<figure class=\"wp-block-image size-large\"><img loading=\"lazy\" decoding=\"async\" width=\"1024\" height=\"207\" src=\"https:\/\/lied.ipt.pt\/wp-content\/uploads\/2025\/10\/logo_open.ipt_-1536x310-1-1024x207.png\" alt=\"\" class=\"wp-image-788\" srcset=\"https:\/\/lied.ipt.pt\/wp-content\/uploads\/2025\/10\/logo_open.ipt_-1536x310-1-1024x207.png 1024w, https:\/\/lied.ipt.pt\/wp-content\/uploads\/2025\/10\/logo_open.ipt_-1536x310-1-300x61.png 300w, https:\/\/lied.ipt.pt\/wp-content\/uploads\/2025\/10\/logo_open.ipt_-1536x310-1-768x155.png 768w, https:\/\/lied.ipt.pt\/wp-content\/uploads\/2025\/10\/logo_open.ipt_-1536x310-1.png 1536w\" sizes=\"auto, (max-width: 1024px) 100vw, 1024px\" \/><\/figure>\n\n\n\n<div style=\"height:60px\" aria-hidden=\"true\" class=\"wp-block-spacer\"><\/div>\n\n\n\n<p>Conhe\u00e7a a plataforma <a href=\"https:\/\/open.ipt.pt\/\">Open.IPT<\/a>, com a oferta formativa em regime online do Instituto Polit\u00e9cnico de Tomar, de acesso aberto, flex\u00edvel e sem barreiras.<\/p>\n\n\n\n<div style=\"height:60px\" aria-hidden=\"true\" class=\"wp-block-spacer\"><\/div>\n\n\n\n<h5 class=\"wp-block-heading\">Cursos com inscri\u00e7\u00f5es abertas<\/h5>\n\n\n\n<div class=\"wp-block-media-text is-stacked-on-mobile\" style=\"grid-template-columns:35% auto\"><figure class=\"wp-block-media-text__media\"><img loading=\"lazy\" decoding=\"async\" width=\"900\" height=\"510\" src=\"https:\/\/lied.ipt.pt\/wp-content\/uploads\/2025\/09\/interviuouinterveio.jpg__900x510_q85_crop_replace_alpha-FFFFFF_subsampling-2_upscale.jpg\" alt=\"\" class=\"wp-image-672 size-full\" srcset=\"https:\/\/lied.ipt.pt\/wp-content\/uploads\/2025\/09\/interviuouinterveio.jpg__900x510_q85_crop_replace_alpha-FFFFFF_subsampling-2_upscale.jpg 900w, https:\/\/lied.ipt.pt\/wp-content\/uploads\/2025\/09\/interviuouinterveio.jpg__900x510_q85_crop_replace_alpha-FFFFFF_subsampling-2_upscale-300x170.jpg 300w, https:\/\/lied.ipt.pt\/wp-content\/uploads\/2025\/09\/interviuouinterveio.jpg__900x510_q85_crop_replace_alpha-FFFFFF_subsampling-2_upscale-768x435.jpg 768w\" sizes=\"auto, (max-width: 900px) 100vw, 900px\" \/><\/figure><div class=\"wp-block-media-text__content\">\n<p><strong><a href=\"https:\/\/open.ipt.pt\/index.php\/2025\/09\/19\/interviu-ou-interveio-comunicacao-oral-e-escrita-em-portugues\/\">Interviu ou interveio? Comunica\u00e7\u00e3o oral e escrita em portugu\u00eas<\/a><\/strong><\/p>\n\n\n\n<p>Dura\u00e7\u00e3o: 10 horas | Ao ritmo do estudante | Dispon\u00edvel at\u00e9 30\/06\/2026<\/p>\n<\/div><\/div>\n\n\n\n<div style=\"height:60px\" aria-hidden=\"true\" class=\"wp-block-spacer\"><\/div>\n\n\n\n<div class=\"wp-block-media-text is-stacked-on-mobile\" style=\"grid-template-columns:35% auto\"><figure class=\"wp-block-media-text__media\"><img loading=\"lazy\" decoding=\"async\" width=\"900\" height=\"510\" src=\"https:\/\/lied.ipt.pt\/wp-content\/uploads\/2025\/09\/escrita-criativa-1.jpg\" alt=\"\" class=\"wp-image-537 size-full\" srcset=\"https:\/\/lied.ipt.pt\/wp-content\/uploads\/2025\/09\/escrita-criativa-1.jpg 900w, https:\/\/lied.ipt.pt\/wp-content\/uploads\/2025\/09\/escrita-criativa-1-300x170.jpg 300w, https:\/\/lied.ipt.pt\/wp-content\/uploads\/2025\/09\/escrita-criativa-1-768x435.jpg 768w\" sizes=\"auto, (max-width: 900px) 100vw, 900px\" \/><\/figure><div class=\"wp-block-media-text__content\">\n<p><strong><a href=\"https:\/\/open.ipt.pt\/index.php\/2025\/09\/19\/tecnicas-de-escrita-criativa\/\">T\u00e9cnicas de Escrita Criativa<\/a><\/strong><\/p>\n\n\n\n<p>Dura\u00e7\u00e3o: 25 horas | Ao ritmo do estudante | Dispon\u00edvel at\u00e9 30\/06\/2026<\/p>\n<\/div><\/div>\n\n\n\n<div style=\"height:60px\" aria-hidden=\"true\" class=\"wp-block-spacer\"><\/div>\n\n\n\n<div class=\"wp-block-media-text is-stacked-on-mobile\" style=\"grid-template-columns:35% auto\"><figure class=\"wp-block-media-text__media\"><img loading=\"lazy\" decoding=\"async\" width=\"900\" height=\"510\" src=\"https:\/\/lied.ipt.pt\/wp-content\/uploads\/2025\/07\/competencias.jpg\" alt=\"\" class=\"wp-image-268 size-full\" srcset=\"https:\/\/lied.ipt.pt\/wp-content\/uploads\/2025\/07\/competencias.jpg 900w, https:\/\/lied.ipt.pt\/wp-content\/uploads\/2025\/07\/competencias-300x170.jpg 300w, https:\/\/lied.ipt.pt\/wp-content\/uploads\/2025\/07\/competencias-768x435.jpg 768w\" sizes=\"auto, (max-width: 900px) 100vw, 900px\" \/><\/figure><div class=\"wp-block-media-text__content\">\n<p><strong><a href=\"https:\/\/open.ipt.pt\/index.php\/2025\/09\/02\/competencias-do-sec-xxi-para-as-proximas-geracoes-2\/\">Compet\u00eancias do s\u00e9c. XXI para as pr\u00f3ximas gera\u00e7\u00f5es<\/a><\/strong><\/p>\n\n\n\n<p>Dura\u00e7\u00e3o: 5 horas | Ao ritmo do estudante | Dispon\u00edvel at\u00e9 20\/01\/2026<\/p>\n<\/div><\/div>\n\n\n\n<div style=\"height:60px\" aria-hidden=\"true\" class=\"wp-block-spacer\"><\/div>\n\n\n\n<div class=\"wp-block-media-text is-stacked-on-mobile\" style=\"grid-template-columns:35% auto\"><figure class=\"wp-block-media-text__media\"><img loading=\"lazy\" decoding=\"async\" width=\"900\" height=\"510\" src=\"https:\/\/lied.ipt.pt\/wp-content\/uploads\/2025\/07\/introducao-prograweb.jpg\" alt=\"\" class=\"wp-image-271 size-full\" srcset=\"https:\/\/lied.ipt.pt\/wp-content\/uploads\/2025\/07\/introducao-prograweb.jpg 900w, https:\/\/lied.ipt.pt\/wp-content\/uploads\/2025\/07\/introducao-prograweb-300x170.jpg 300w, https:\/\/lied.ipt.pt\/wp-content\/uploads\/2025\/07\/introducao-prograweb-768x435.jpg 768w\" sizes=\"auto, (max-width: 900px) 100vw, 900px\" \/><\/figure><div class=\"wp-block-media-text__content\">\n<p><strong><a href=\"https:\/\/open.ipt.pt\/index.php\/2025\/09\/19\/introducao-a-programacao-web-2\/\">Introdu\u00e7\u00e3o \u00e0 programa\u00e7\u00e3o web<\/a><\/strong><\/p>\n\n\n\n<p>Dura\u00e7\u00e3o: 25 horas | Ao ritmo do estudante | Dispon\u00edvel at\u00e9 31\/10\/2025<\/p>\n<\/div><\/div>\n\n\n\n<div style=\"height:60px\" aria-hidden=\"true\" class=\"wp-block-spacer\"><\/div>\n\n\n\n<div class=\"wp-block-media-text is-stacked-on-mobile\" style=\"grid-template-columns:35% auto\"><figure class=\"wp-block-media-text__media\"><img loading=\"lazy\" decoding=\"async\" width=\"800\" height=\"457\" src=\"https:\/\/lied.ipt.pt\/wp-content\/uploads\/2025\/07\/desenvolvimento-sustentavel-turismo.jpg\" alt=\"\" class=\"wp-image-272 size-full\" srcset=\"https:\/\/lied.ipt.pt\/wp-content\/uploads\/2025\/07\/desenvolvimento-sustentavel-turismo.jpg 800w, https:\/\/lied.ipt.pt\/wp-content\/uploads\/2025\/07\/desenvolvimento-sustentavel-turismo-300x171.jpg 300w, https:\/\/lied.ipt.pt\/wp-content\/uploads\/2025\/07\/desenvolvimento-sustentavel-turismo-768x439.jpg 768w\" sizes=\"auto, (max-width: 800px) 100vw, 800px\" \/><\/figure><div class=\"wp-block-media-text__content\">\n<p><strong><a href=\"https:\/\/open.ipt.pt\/index.php\/2025\/09\/02\/desenvolvimento-sustentavel-em-turismo\/\">Desenvolvimento sustent\u00e1vel em Turismo<\/a><\/strong><\/p>\n\n\n\n<p>Dura\u00e7\u00e3o: 25 horas | Ao ritmo do estudante | Dispon\u00edvel at\u00e9 29\/01\/2026<\/p>\n<\/div><\/div>\n\n\n\n<div style=\"height:60px\" aria-hidden=\"true\" class=\"wp-block-spacer\"><\/div>\n","protected":false},"excerpt":{"rendered":"<p>Os MOOC (Massive Open Online Courses) s\u00e3o cursos a dist\u00e2ncia que oferecem acesso livre e gratuito a conte\u00fados educativos e formativos, para um grande n\u00famero de participantes. Os MOOC constituem uma forma acess\u00edvel e flex\u00edvel de aprender novas compet\u00eancias, progredir na carreira e proporcionar experi\u00eancias educativas de qualidade em grande [&hellip;]<\/p>\n","protected":false},"author":2,"featured_media":262,"parent":0,"menu_order":0,"comment_status":"closed","ping_status":"closed","template":"","meta":{"footnotes":"[]"},"class_list":["post-59","page","type-page","status-publish","has-post-thumbnail","hentry"],"_links":{"self":[{"href":"https:\/\/lied.ipt.pt\/index.php\/wp-json\/wp\/v2\/pages\/59","targetHints":{"allow":["GET"]}}],"collection":[{"href":"https:\/\/lied.ipt.pt\/index.php\/wp-json\/wp\/v2\/pages"}],"about":[{"href":"https:\/\/lied.ipt.pt\/index.php\/wp-json\/wp\/v2\/types\/page"}],"author":[{"embeddable":true,"href":"https:\/\/lied.ipt.pt\/index.php\/wp-json\/wp\/v2\/users\/2"}],"replies":[{"embeddable":true,"href":"https:\/\/lied.ipt.pt\/index.php\/wp-json\/wp\/v2\/comments?post=59"}],"version-history":[{"count":19,"href":"https:\/\/lied.ipt.pt\/index.php\/wp-json\/wp\/v2\/pages\/59\/revisions"}],"predecessor-version":[{"id":795,"href":"https:\/\/lied.ipt.pt\/index.php\/wp-json\/wp\/v2\/pages\/59\/revisions\/795"}],"wp:featuredmedia":[{"embeddable":true,"href":"https:\/\/lied.ipt.pt\/index.php\/wp-json\/wp\/v2\/media\/262"}],"wp:attachment":[{"href":"https:\/\/lied.ipt.pt\/index.php\/wp-json\/wp\/v2\/media?parent=59"}],"curies":[{"name":"wp","href":"https:\/\/api.w.org\/{rel}","templated":true}]}}